76. What is c(-206)?
-2
Let a(m) = m**3 - 45*m**2 - 983*m - 45. What is a(61)?
-472
Let g(v) = -85*v**2 + 1783*v + 72. Determine g(21).
30
Let o(f) = -580*f - 1860. What is o(-10)?
3940
Let v(i) = 3*i**2 + 201272*i + 7442949. Determine v(-37).
-8
Let c(g) = 124891*g - 1873369. Calculate c(15).
-4
Let p(a) = -45367*a + 589756. What is p(13)?
-15
Let a(f) = -13*f**2 + 251*f + 3299. What is a(-12)?
-1585
Let p(v) = 4*v**2 + 1593*v + 14002. What is p(-9)?
-11
Let q(r) = -r**3 - 191*r**2 - 2131*r + 2310. Determine q(-179).
-733
Let d(w) = -3*w**2 - 601*w - 4179. Determine d(-7).
-119
Let j(l) = 195*l + 46210. Give j(-237).
-5
Let h(u) = -8*u**2 - 1104*u - 15603. What is h(-16)?
13
Let o(g) = g**3 + 4*g**2 - 201*g + 145. Determine o(12).
37
Let o(y) = -63*y + 5170. Calculate o(93).
-689
Let h(t) = -12*t**3 + 105*t**2 + 41*t + 26. What is h(10)?
-1064
Let k(c) = 749*c**2 - 17209*c - 511. What is k(23)?
-97
Let z(c) = -52*c**2 + 1207*c + 14625. Calculate z(32).
1
Let q(o) = o**2 + 157*o - 1715. Calculate q(-166).
-221
Let a(w) = w + 617. Give a(45).
662
Let j(y) = -113*y**2 - 954*y - 412. What is j(-8)?
-12
Let y(t) = t**3 + 137*t**2 - 142*t - 630. Determine y(-138).
-78
Let s(z) = -6*z**3 + 1680*z**2 - 1698*z + 469. Determine s(279).
-6227
Let z(w) = 4014*w - 574013. Give z(143).
-11
Let x(n) = -462*n**3 + 562*n**2 + 15*n - 15. Give x(1).
100
Let x(j) = -2*j**2 + 32025*j + 16512500. Calculate x(-500).
0
Let j(m) = -m**2 + 431*m + 14821. Determine j(463).
5
Let g(q) = q**3 - 15*q**2 - 68. Determine g(16).
188
Let i(k) = 867*k + 4337. Calculate i(-4).
869
Let i(m) = 9*m**3 - 9*m**2 + 7*m + 48. Give i(4).
508
Let f(l) = -l**2 - 936*l + 134965. Determine f(127).
-36
Let y(m) = 1985*m + 9704. What is y(-6)?
-2206
Let g(m) = 2*m**3 - 26*m**2 - 98*m + 83. Give g(-8).
-1821
Let h(j) = -25016*j - 75017. Calculate h(-3).
31
Let v(z) = -6*z**2 + 8104*z - 64807. Give v(8).
-359
Let f(o) = -o**2 + 248*o + 1000. What is f(-4)?
-8
Let g(z) = -448405*z - 3587242. What is g(-8)?
-2
Let q(d) = 19*d**3 + 128*d**2 + 90*d + 33. Determine q(-6).
-3
Let f(l) = -l**3 + 153*l**2 + 522*l - 8485. Determine f(156).
-61
Let b(r) = -r**2 - 96602*r - 3379843. Calculate b(-35).
2
Let g(k) = 305012*k - 5795217. Determine g(19).
11
Let x(d) = -3*d**3 + 5*d**2 + 56*d + 614. Calculate x(-7).
1496
Let q(t) = t**3 - 129*t**2 - 621*t - 5681. Determine q(134).
885
Let h(d) = 4*d**2 + 182*d + 1855. Calculate h(-11).
337
Let x(l) = 2*l**2 - 4196*l + 2200003. What is x(1029)?
1
Let q(t) = -26*t**2 + 175*t + 22. Calculate q(6).
136
Let d(x) = -x**2 - 1032*x - 253078. Calculate d(-632).
-278
Let w(a) = -23*a**2 + 61*a - 514. Determine w(8).
-1498
Let h(a) = -8*a**2 - 1030*a + 200. Give h(-130).
-1100
Let h(m) = -6*m**3 - 179*m**2 - 733*m - 149. Determine h(-25).
51
Let m(z) = 3869*z + 642250. Determine m(-166).
-4
Let l(u) = -3824*u - 558323. Give l(-146).
-19
Let i(g) = 16*g**2 - 4878*g - 4878. Determine i(-1).
16
Let u(t) = t**2 + 1008*t - 80079. Calculate u(74).
-11
Let v(x) = -x**3 + 161*x**2 - 1227*x + 155. What is v(153)?
-304
Let o(y) = 169*y - 5015. What is o(42)?
2083
Let z(d) = 34*d**2 - 1927*d - 20094. What is z(-9)?
3
Let v(z) = -z**3 - 16*z**2 - 35*z + 102. Give v(-5).
2
Let l(i) = -i**3 + 26*i**2 - 99*i - 441. Give l(19).
205
Let u(w) = -1648*w + 17381. Determine u(11).
-747
Let h(u) = 2*u**3 - 6*u**2 - 3605*u - 83. Calculate h(44).
49
Let k(d) = d**3 - 19*d**2 + 103*d - 286. Give k(12).
-58
Let q(n) = -260*n + 3234. Determine q(8).
1154
Let l(d) = 3624*d + 202964. Determine l(-56).
20
Let k(n) = -n**3 + 12*n**2 + 22*n - 9. Calculate k(12).
255
Let h(z) = z**3 + 399*z**2 - 2266*z - 99340. What is h(-404)?
44
Let m(c) = -8531*c + 42587. Calculate m(5).
-68
Let c(v) = -22203*v - 266428. Calculate c(-12).
8
Let v(l) = 6*l**3 - 925*l**2 + 237*l - 12772. Give v(154).
10
Let k(t) = 13*t**2 - 821*t + 558. Determine k(62).
-372
Let i(b) = 4*b**3 + 289*b**2 + 66*b - 209. Determine i(-72).
223
Let y(t) = 3*t**3 - 2680*t**2 + 6210*t + 23972. Calculate y(891).
-85
Let c(h) = -3156*h - 22148. Determine c(-7).
-56
Let x(j) = 1984*j - 305552. Give x(154).
-16
Let r(k) = 6*k**3 - 4*k**2 - 117*k + 498. Give r(4).
350
Let r(i) = -3*i**2 - 161*i - 2029. Determine r(-19).
-53
Let h(y) = -5*y**3 + 105*y**2 + 3*y + 195. Determine h(21).
258
Let x(a) = 29*a**2 + 10172*a - 2595. Calculate x(-351).
-138
Let r(p) = -61*p**2 - 313*p - 43. What is r(-5)?
-3
Let b(c) = 4917*c**2 + 167177*c - 17. Calculate b(-34).
17
Let n(t) = -79*t**3 + t**2 + 43*t + 33. Give n(-2).
583
Let f(p) = -11*p**2 + 111*p - 33. Give f(10).
-23
Let o(x) = -2*x**2 - 132*x - 592. Determine o(-62).
-96
Let u(x) = 2574*x - 131318. Calculate u(51).
-44
Let d(r) = 3257*r - 7147. What is d(2)?
-633
Let d(s) = -3638*s - 32610. Give d(-9).
132
Let u(c) = 4*c**3 - 81*c**2 - 2*c + 454. Calculate u(20).
14
Let u(h) = -3*h**2 + 297*h + 139849. Determine u(-172).
13
Let n(b) = -6*b**2 + 1989*b - 11732. Give n(6).
-14
Let d(k) = k**2 - 606*k + 91822. What is d(301)?
17
Let n(h) = h**2 - 1031*h + 223947. Give n(311).
27
Let f(d) = -125134*d + 3378643. Determine f(27).
25
Let z(b) = -2*b**3 + 85*b**2 + 42*b + 91. Calculate z(43).
48
Let t(l) = -2*l**3 + 370*l**2 - 145*l + 23. Give t(0).
23
Let n(y) = y**3 - 449*y**2 + 1473*y - 60200. What is n(446)?
10
Let c(a) = -554*a**2 + 1395*a + 18. Determine c(3).
-783
Let a(o) = -31682*o - 1077211. Determine a(-34).
-23
Let a(o) = -3*o**2 - 242*o + 5251. Determine a(-98).
155
Let x(w) = -13*w**2 + 1378*w - 7800. Give x(6).
0
Let g(j) = 2*j**3 - 522*j**2 + 3949*j - 99823. What is g(254)?
-1
Let q(z) = z**3 - 100*z**2 - 563*z + 15327. Determine q(104).
39
Let o(i) = -65*i**3 - 6*i**2 - 81*i - 228. Calculate o(-4).
4160
Let d(i) = -i**3 - 106*i**2 + 101*i - 1047. Determine d(-107).
-405
Let i(y) = -y**3 - 92*y**2 - 1712*y - 231. What is i(-26)?
-335
Let o(r) = -r**2 + 11829*r - 35467. What is o(3)?
11
Let g(n) = -3401*n + 469349. Give g(138).
11
Let s(u) = -54956*u - 549605. Give s(-10).
-45
Let p(z) = -1387*z**3 + 2*z**2 + 248*z + 244. Determine p(-1).
1385
Let q(p) = 84*p + 12859. What is q(-142)?
931
Let f(k) = 140*k + 757. Calculate f(3).
1177
Let s(h) = 91*h + 700. Determine s(-10).
-210
Let l(k) = 789*k - 7841. Calculate l(10).
49
Let l(y) = -74*y**2 - 3035*y - 73. What is l(-41)?
-32
Let r(z) = 174099*z + 32208306. Determine r(-185).
-9
Let o(n) = -186*n + 782. Determine o(-1).
968
Let b(q) = -q**2 - 2964*q + 663138. Calculate b(209).
-19
Let d(f) = 757*f - 2829. What is d(4)?
199
Let n(i) = -2*i**2 + 6313*i - 193787. Give n(31).
-6
Let x(n) = n**3 - 98*n**2 - 182*n - 1515. Give x(100).
285
Let h(q) = -2*q**2 + 229*q + 4481. Calculate h(-17).
10
Let t(y) = 2*y**2 + 236*y + 5769. What is t(-84)?
57
Let k(y) = y**3 - 234*y**2 - 339*y - 31422. What is k(236)?
-34
Let t(d) = 18*d**2 + 107*d + 1786. What is t(-13)?
3437
Let s(u) = u**3 + 10*u**2 - 40*u - 958. Calculate s(-19).
-3447
Let s(a) = -a**2 + 67547*a - 5532096. Give s(82).
34
Let q(l) = 144*l + 2495. Give q(-16).
191
Let d(n) = -15*n**3 - 197*n**2 - 531*n - 6566. Give d(-13).
-1
Let m(t) = -27*t**2 + 1391*t - 4549. Determine m(48).
11
Let h(l) = -359*l + 75602. Determine h(212).
-506
Let v(t) = -t**3 + 26*t**2 - 70*t - 376. What is v(11)?
669
Let h(a) = -a**3 + 132*a**2 - 787*a + 154. Determine h(6).
-32
Let w(v) = 11641*v - 93137. Give w(8).
-9
Let f(m) = m**2 + 121*m + 2198. What is f(-100)?
98
Let w(k) = -k**3 - 27*k**2 - 204*k - 922. Give w(-12).
-634
Let r(p) = -p**3 + 92*p**2 + 760*p - 269. Determine r(-8).
51
Let t(i) = -5*i**2 + 102*i + 63. Determine t(24).
-369
Let x(f) = 163*f - 51713. What is x(317)?
-42
Let g(n) = -115*n**2 + 402*n + 240. Determine g(4).
8
Let s(q) = q**2 + 241*q + 2092. What is s(-9)?
4
Let k(o) = -15*o**3 + 929*o**2 - 859*o + 152. Calculate k(61).
-153
Let p(i) = 1650*i + 15416. What is p(-9)?
566
Let u(d) = 4*d**3 - 239*d**2 + 404*d + 24. Determine u(58).
-92
Let a(r) = 267*r - 41080. Calculate a(154).
38
Let b(m) = 472*m**2 + 90740*m + 22268. What is b(-192)?
-4
Let c(q) = q**3 - 6*q**2 - 1568*q + 22520. Give c(16).
-8
Let p(n) = -8*n**2 - 770*n + 9432. Calculate p(11).
-6
Let p(n) = -n**2 - 186*n - 1678. Give p(-173).
571
Let p(z) = 487*z + 27420. Calculate p(-58).
-826
Let w(n) = -n**3 + 132*n**2 + 397*n + 39. De